Let w(f) = f + 14. What is w(-14)?
0
Let k(m) = -m. What is k(9)?
-9
Let y(t) = -2*t**2 + 18*t - 3. Give y(9).
-3
Let y(u) = 2*u - 6. Give y(5).
4
Let m(l) = l**2 + 2*l - 2. Determine m(-4).
6
Let y(b) = -b**2 + 3*b - 13. What is y(9)?
-67
Let i(d) = -d**2 + 26. What is i(-6)?
-10
Let c(t) = -t**3 + 5*t**2 - 2*t + 2. Calculate c(4).
10
Let a(l) = -l**2 + 6*l - 17. Determine a(0).
-17
Let h(s) = 2*s**2 - 7*s + 2. What is h(7)?
51
Let r(w) = 8*w + 213. Determine r(-24).
21
Let l(p) = p**3 + 21*p**2 - 71*p + 22. Calculate l(-24).
-2
Let n(c) = -c**3 - 7*c**2 - 5*c + 4. Give n(-5).
-21
Let r(a) = a**3 - 3*a**2 - 9*a + 1. Calculate r(5).
6
Let z(k) = k**3 + 12*k**2 - 21*k + 13. What is z(-14)?
-85
Let n(y) = -2*y**3 + 7*y**2 - 6*y + 3. Calculate n(2).
3
Let b(r) = 2*r**2 - 6*r - 36. Determine b(-4).
20
Let i(z) = -8*z**2 - 225*z - 24. Calculate i(-28).
4
Let j(o) = -o**2 - o + 21. Determine j(-12).
-111
Let i(t) = 2*t**2 - 44*t + 31. What is i(21)?
-11
Let o(r) = -2*r**2 + 15*r - 8. Give o(5).
17
Let z(p) = p**2 - p + 2. Determine z(0).
2
Let u(c) = c**3 - 21*c**2 + 5*c - 115. Give u(21).
-10
Let n(u) = -u + 5. Determine n(4).
1
Let v(l) = -l**3 - 11*l**2 - 12*l - 8. Give v(-10).
12
Let o(b) = -99*b - 783. What is o(-8)?
9
Let v(u) = -u**2 + 11*u + 18. Determine v(13).
-8
Let i(j) = -j**3 - 14*j**2 - 3. Give i(-14).
-3
Let m(q) = -2*q**3 - 2*q**2 + 3*q + 4. What is m(-2)?
6
Let k(a) = -3*a + 3. Give k(-6).
21
Let h(v) = -5*v**3 - 2*v**2 - 4*v - 2. Calculate h(-1).
5
Let y(r) = r**2 + 6*r + 9. Calculate y(-6).
9
Let z(v) = v**2 + 4*v - 72. Calculate z(-11).
5
Let f(j) = 26*j - 369. Calculate f(14).
-5
Let u(p) = -p - 60. Determine u(-19).
-41
Let m(c) = -c**3 + 8*c**2 - 7*c - 10. Determine m(7).
-10
Let h(c) = c**3 - 14*c**2 + 38*c - 10. Calculate h(6).
-70
Let i(t) = -t**2 + 38*t - 111. Determine i(35).
-6
Let v(y) = 16*y + 10. Determine v(-2).
-22
Let a(p) = 30*p - 170. What is a(6)?
10
Let a(l) = -l**2 + 2*l - 89. Determine a(0).
-89
Let r(a) = -a**3 + 29*a**2 + 60*a + 70. What is r(31)?
8
Let i(w) = -w**3 - 12*w**2 - 9*w + 14. Give i(-11).
-8
Let f(n) = 2*n**3 + 7*n**2 - 6*n - 1. Give f(-4).
7
Let i(z) = -z + 7. Calculate i(4).
3
Let y(q) = -q**2 - 20*q - 15. Calculate y(-19).
4
Let d(k) = -4*k + 26. What is d(6)?
2
Let o(p) = -p**2 + 7*p - 6. What is o(7)?
-6
Let r(b) = -14*b**3 - 10*b**2 + 9*b + 2. What is r(1)?
-13
Let z(p) = -p**3 + 5*p**2 - 9*p - 3. Determine z(4).
-23
Let w(z) = -z**3 + 6*z**2 + 2*z - 15. What is w(6)?
-3
Let p(k) = -k**3 + 5*k**2 - 3*k - 7. What is p(3)?
2
Let r(y) = -y**2 + 21*y - 69. What is r(5)?
11
Let v(l) = -l**2 - 18*l + 16. What is v(-10)?
96
Let n(z) = 25*z + 121. Calculate n(-5).
-4
Let q(z) = 2*z**2 - 10*z + 4. Calculate q(3).
-8
Let z(i) = -i**2 - 13*i - 12. What is z(-9)?
24
Let v(f) = f**3 + 2*f**2 - f. What is v(-2)?
2
Let v(p) = -2*p + 81. Calculate v(11).
59
Let m(v) = v**2 - 8*v - 11. Give m(8).
-11
Let z(a) = 4*a. What is z(17)?
68
Let p(y) = 4*y**3 - 2*y**2. Calculate p(-2).
-40
Let n(r) = -7*r - 41. Give n(-7).
8
Let w(z) = 5*z**2 - z - 4. What is w(2)?
14
Let d(o) = o**3 + 13*o**2 + 31*o + 7. Calculate d(-10).
-3
Let f(w) = -w**3 - 17*w**2 - 5*w + 11. Give f(-17).
96
Let z(s) = -10*s - 36. Determine z(-3).
-6
Let s(d) = -125*d - 871. What is s(-7)?
4
Let f(v) = -3*v**3 + 9*v**2 - 2*v + 3. What is f(3)?
-3
Let b(o) = o**2 - 25*o + 14. Give b(24).
-10
Let n(q) = -q**3 - 6*q**2 + 2*q - 1. Calculate n(-3).
-34
Let w(v) = v**2 - 3*v - 6. Give w(5).
4
Let s(q) = q**2 + 9*q - 8. What is s(-7)?
-22
Let a(k) = -k**2 + 3*k - 11. Calculate a(7).
-39
Let h(r) = 3*r + 16. Determine h(-4).
4
Let d(y) = -y**2 - 9*y - 8. Give d(-5).
12
Let p(q) = -q**3 + 11*q**2 - 30*q + 22. Determine p(6).
22
Let k(l) = l**2 + 8*l + 8. Calculate k(-5).
-7
Let g(f) = -2*f**3 + 30*f**2 - 51*f - 15. Determine g(13).
-2
Let f(s) = -2*s + 7. What is f(2)?
3
Let r(b) = -4*b**3 + b - 1. Give r(1).
-4
Let a(p) = -171*p - 177. Calculate a(-1).
-6
Let y(h) = -h**2 - 39*h + 282. Give y(-45).
12
Let w(g) = g**3 + 6*g**2 + 5*g - 1. What is w(-4)?
11
Let i(q) = -13*q. Give i(1).
-13
Let w(a) = -11*a - 82. Give w(-8).
6
Let l(o) = o**3 - o**2 - 3*o + 2. What is l(-3)?
-25
Let d(a) = -a**2 + 18*a - 33. What is d(12)?
39
Let m(l) = 107*l**3 - 2*l**2 + 2*l - 1. What is m(1)?
106
Let u(s) = s + 22. Determine u(6).
28
Let x(z) = 4*z**3 + 32*z**2 + 56*z - 7. Calculate x(-5).
13
Let b(s) = 5*s - 13. Calculate b(4).
7
Let g(z) = z - 7. Calculate g(0).
-7
Let l(c) = -c**2 - 8*c - 3. What is l(-7)?
4
Let j(b) = -b - 6. What is j(-8)?
2
Let t(b) = -b**2 - 2*b + 6. Determine t(5).
-29
Let p(d) = -d - 13. What is p(10)?
-23
Let n(s) = -s**2 + 22*s - 31. Give n(21).
-10
Let l(y) = -8*y**2 - 5*y. Determine l(-2).
-22
Let w(m) = 5*m**3 - 45*m**2 - 6. Give w(9).
-6
Let s(r) = -12*r - 80. What is s(-8)?
16
Let z(k) = -k + 43. What is z(41)?
2
Let o(a) = -12*a**3 - 3*a**2 + 2. Calculate o(-1).
11
Let u(s) = -9*s**2 + 7*s - 3. What is u(1)?
-5
Let z(q) = -q**2 - 17*q - 50. What is z(-13)?
2
Let r(n) = 12*n - 9. Calculate r(3).
27
Let s(v) = -v + 8. Calculate s(-6).
14
Let x(s) = 3*s**2 + 34*s + 18. Give x(-12).
42
Let b(w) = -5*w + 5. What is b(3)?
-10
Let h(q) = q**3 - 6*q**2 + 2*q + 8. Calculate h(6).
20
Let y(a) = a**2 - 13*a + 14. Determine y(11).
-8
Let o(f) = f**2 + 7*f + 2. What is o(-4)?
-10
Let r(w) = -5*w - 25. Determine r(4).
-45
Let i(z) = -z**2 - 12*z + 12. Give i(-12).
12
Let m(u) = -2*u**2 - 14*u - 24. Determine m(-6).
-12
Let t(j) = j**2 - 12*j - 992. Give t(38).
-4
Let i(y) = -6*y**2 - 21*y - 10. What is i(-3)?
-1
Let i(o) = -o**3 - 8*o**2 + 8*o - 3. Determine i(-9).
6
Let v(a) = 9*a - 12. Determine v(2).
6
Let i(f) = f**3 - 9*f**2 + 11*f + 14. Give i(10).
224
Let u(v) = 5*v - 6. Give u(-4).
-26
Let i(a) = a**2 - 6. Determine i(6).
30
Let z(w) = -w**2 - 18*w + 2. Give z(-18).
2
Let w(q) = q**3 - 2*q**2 - 4*q + 5. Determine w(4).
21
Let v(f) = -f**3 - 5*f**2 - 8*f - 8. Determine v(-3).
-2
Let i(p) = -7*p - 3. What is i(17)?
-122
Let c(t) = 2*t**2 + 4*t - 22. What is c(-4)?
-6
Let j(y) = -y**2 - 5*y + 2. Determine j(-4).
6
Let k(f) = f. Give k(9).
9
Let x(k) = -5*k + 9. Calculate x(4).
-11
Let j(o) = -o**2 - 5*o - 9. Calculate j(-2).
-3
Let x(l) = 9*l**3 + l**2 - 2*l + 3. Calculate x(2).
75
Let c(r) = -r**3 - 3*r**2 + r - 2. Determine c(-3).
-5
Let u(j) = -j**2 + 21*j + 184. Determine u(27).
22
Let x(u) = -u + 6. What is x(8)?
-2
Let v(r) = r**3 - 9*r**2 + r + 7. Give v(10).
117
Let x(d) = -d**2 - 7*d - 9. Give x(-7).
-9
Let k(v) = v + 6. Give k(-6).
0
Let j(t) = 17*t - 1. What is j(-1)?
-18
Let a(n) = -5*n + 45. Calculate a(8).
5
Let n(y) = -y**3 + 7*y**2 + 2*y - 8. Calculate n(7).
6
Let n(j) = -j**3 - 17*j**2 - 21*j - 20. Calculate n(-16).
60
Let t(o) = 5*o - 33. Give t(5).
-8
Let v(d) = -4*d - 10. Give v(-4).
6
Let x(j) = -j + 4. Give x(4).
0
Let w(f) = f**3 - 11*f**2 - 11*f - 17. What is w(12)?
-5
Let n(d) = -d**3 + 13*d**2 - d + 8. What is n(13)?
-5
Let b(z) = z**3 - 7*z**2 - 9*z - 11. Determine b(8).
-19
Let j(p) = -6*p**3 + 13*p**2 - 2. Give j(2).
2
Let t(y) = 2*y**3 + 12*y**2 + 16. Give t(-6).
16
Let s(t) = -t**2 - 11*t - 27. Give s(-4).
1
Let a(q) = q**3 - 12*q**2 + 17*q + 28. Calculate a(10).
-2
Let c(f) = -26*f + 10. Give c(1).
-16
Let l(h) = 5*h + 6. Determine l(-2).
-4
Let l(i) = i**3 + i**2 - i - 1. Calculate l(-2).
-3
Let x(p) = 9*p - 24. What is x(10)?
66
Let t(f) = -f**2 - 10*f + 13. Determine t(-12).
-11
Let p(g) = 173*g - 168. Determine p(1).
5
Let z(v) = -v**2 - 31*v - 235. Determine z(-17).
3
Let h(k) = 4*k**2 - 18*k - 1. Determine h(4).
-9
Let t(u) = 3*u - 3. Calculate t(2).
3
Let t(p) = -p**3 - 2*p**2 - p. Give t(-2).
2
Let y(a) = -a**3 - 4*a**2 + a + 4. Give y(-4).
0
Let j(t) = -6*t**2 - 5*t - 6. Calculate j(-4).
-82
Let h(t) = t**2 + 41*t + 255. Give h(-8).
-9
Let g(j) = -j**3 - 7*j**2 - 5*j - 2. What is g(-3)?
-23
Let q(v) = -2*v**3 + 5*v**2 - 2*v - 3. Give q(2).
-3
Let p(s) = -s**3 + s**2 - 9*s - 9. Give p(-1).
2
Let t(u) = 4*u - 30. Determine t(20).
50
Let m(k) = k**3 - 11*k**2 - 10. Calculate m(11).
-10
Let c(g) = -g**3 - 2*g**2 + 5*g - 17. Give c(-4).
-5
Let m(o) = o**3 + 24*o**2 - 27*o - 37. What is m(-25)?
13
Let a(c) = -c**3 + 12*c**2 - 11*c + 8. Determine a(11).
8
Let r(v) = -17*v - 555. Determine r(-33).
6
Let z